{"id":154,"date":"2015-07-16T09:12:44","date_gmt":"2015-07-16T09:12:44","guid":{"rendered":"http:\/\/test.kriesi.at\/minimal-portfolio\/?page_id=154"},"modified":"2016-03-06T19:54:05","modified_gmt":"2016-03-06T19:54:05","slug":"about","status":"publish","type":"page","link":"https:\/\/lumyx.net\/artista\/about\/","title":{"rendered":"Bio"},"content":{"rendered":"<div id='av-layout-grid-1'  class='av-layout-grid-container entry-content-wrapper main_color av-flex-cells     avia-builder-el-0  el_before_av_section  avia-builder-el-first  container_wrap sidebar_right'  >\n<div class=\"flex_cell no_margin av_one_half  avia-builder-el-1  el_before_av_cell_one_half  avia-builder-el-first   avia-full-stretch \"  style='height:430px; min-height:430px;background:url(https:\/\/i0.wp.com\/lumyx.net\/artista\/wp-content\/uploads\/2016\/02\/Lu_bio-bw_2.jpg?fit=1545%2C650&ssl=1) center left no-repeat scroll; vertical-align:top; padding:30px; ' ><div class='flex_cell_inner' ><\/div><\/div><div class=\"flex_cell no_margin av_one_half  avia-builder-el-2  el_after_av_cell_one_half  avia-builder-el-last   \"  style='height:430px; min-height:430px;vertical-align:middle; padding:30px 100px 30px 100px ; background-color:#f7f7f7; ' ><div class='flex_cell_inner' ><p>\n<style type=\"text\/css\" data-created_by=\"avia_inline_auto\" id=\"style-css-av-av_heading-c009ec3c5b744dd9d395265edece6684\">\n#top .av-special-heading.av-av_heading-c009ec3c5b744dd9d395265edece6684{\npadding-bottom:10px;\ncolor:#020000;\n}\n.av-special-heading.av-av_heading-c009ec3c5b744dd9d395265edece6684 .special-heading-inner-border{\nborder-color:#020000;\n}\n<\/style>\n<div  class='av-special-heading av-av_heading-c009ec3c5b744dd9d395265edece6684 av-special-heading-h3 custom-color-heading blockquote modern-quote  avia-builder-el-3  el_before_av_textblock  avia-builder-el-first  '><h3 class='av-special-heading-tag '  itemprop=\"headline\"  >Entre dois mil\u00eanios<\/h3><div class='special-heading-border'><div class='special-heading-inner-border'><\/div><\/div><\/div><br \/>\n<section class=\"av_textblock_section \"  itemscope=\"itemscope\" itemtype=\"https:\/\/schema.org\/CreativeWork\" ><div class='avia_textblock  av_inherit_color '  style='color:#000000; '  itemprop=\"text\" ><p>&#8220;Sou da \u201cgera\u00e7\u00e3o X\u201d, quase \u201c<em>babyboomer<\/em>\u201d. Atravessei a ponte da exist\u00eancia anal\u00f3gica para a revolu\u00e7\u00e3o digital jogando games em monitores verdes rudimentares, tocando teclados eletr\u00f4nicos ou usando software de m\u00fasica, imagem e v\u00eddeo na vida profissional. O chip permanence como ferramenta onipresente, catalizador de uma transforma\u00e7\u00e3o exponencial: paradigmas s\u00e3o quebrados, valores \u00e9ticos se modificam e a civiliza\u00e7\u00e3o se reorganiza.<\/p>\n<p>Diante da canibaliza\u00e7\u00e3o desordenada e veloz dos recursos da natureza provocada pelo consumo <em>imperativo<\/em>, pela busca do conforto e seus substratos \u2013 o lixo, os restos, a polui\u00e7\u00e3o e o desequil\u00edbrio, vejo: a natureza humana \u00e9 contradit\u00f3ria, o \u201chomem-m\u00e1quina\u201d \u00e9 selvagem.<br \/>\nEm meu trabalho, h\u00e1 representa\u00e7\u00f5es simb\u00f3licas de justaposi\u00e7\u00f5es e conviv\u00eancias entre o high-tech\/arcaico, o oriente\/ocidente, o ser online\/offline de um mundo em transforma\u00e7\u00e3o. <strong>Sinais tecnol\u00f3gicos de povos ind\u00edgenas, pinturas rupestres de tribos urbanas.<\/strong><\/p>\n<p>Uma <a href=\"http:\/\/lumyx.net\/artista\/arqueologiadofuturo_conceito\/\">Arqueologia do Futuro<\/a>.&#8221;<\/p>\n<\/div><\/section><\/p>\n<\/div><\/div>\n<\/div>\n<div id='av_section_1'  class='avia-section av-av_section-43fa913dbbd7170bb5693496c11aa38b main_color avia-section-large avia-no-border-styling  avia-builder-el-5  el_after_av_layout_row  avia-builder-el-last  avia-bg-style-scroll  container_wrap sidebar_right'  ><div class='container av-section-cont-open' ><div class='template-page content  av-content-small alpha units'><div class='post-entry post-entry-type-page post-entry-154'><div class='entry-content-wrapper clearfix'>\n\n<style type=\"text\/css\" data-created_by=\"avia_inline_auto\" id=\"style-css-av-av_heading-faa6276f205fc24180347c55a7e9da27\">\n#top .av-special-heading.av-av_heading-faa6276f205fc24180347c55a7e9da27{\npadding-bottom:10px;\n}\n<\/style>\n<div  class='av-special-heading av-av_heading-faa6276f205fc24180347c55a7e9da27 av-special-heading-h3 blockquote modern-quote  avia-builder-el-6  el_before_av_one_half  avia-builder-el-first  '><h3 class='av-special-heading-tag '  itemprop=\"headline\"  >C a m i n h o s <\/h3><div class='special-heading-border'><div class='special-heading-inner-border'><\/div><\/div><\/div>\n\n<style type=\"text\/css\" data-created_by=\"avia_inline_auto\" id=\"style-css-av-av_one_half-d71a51a707c4656b37c9afbbd6138215\">\n.flex_column.av-av_one_half-d71a51a707c4656b37c9afbbd6138215{\nborder-radius:0px 0px 0px 0px;\n-webkit-border-radius:0px 0px 0px 0px;\n-moz-border-radius:0px 0px 0px 0px;\n}\n<\/style>\n<div class='flex_column av-av_one_half-d71a51a707c4656b37c9afbbd6138215 av_one_half  avia-builder-el-7  el_after_av_heading  el_before_av_one_half  first flex_column_div  av-animated-generic bottom-to-top av-zero-column-padding '   ><section class=\"av_textblock_section \"  itemscope=\"itemscope\" itemtype=\"https:\/\/schema.org\/CreativeWork\" ><div class='avia_textblock  '  style='font-size:17px; '  itemprop=\"text\" ><p>Artista m\u00faltipla, Lumyx \u00e9 designer gr\u00e1fica, ilustradora e musicista. Bacharel em Comunica\u00e7\u00e3o Visual pelo Dept\u00ba de Artes da PUC\/RJ e formada em teoria musical pela Pr\u00f3-Arte\/RJ, estudou piano desde a inf\u00e2ncia. Compositora, teve seu single \u201cChoveu No Meu Chip\u201d (\u201cEletrodom\u00e9sticos\u201d\/CBS) entre primeiros lugares de venda em escala nacional em 85, ainda pr\u00e9-internet. Assim seguiu profissionalmente a carreira de m\u00fasica como tecladista em bandas e produtora de trilhas para a TV Manchete e pe\u00e7as publicit\u00e1rias por cerca de dez anos.<\/p>\n<p>Em 94 come\u00e7ou a trabalhar como diretora de arte para ag\u00eancias de publicidade e posteriormente em projetos gr\u00e1ficos para empresas de moda e editoras. Envolvida com Internet como usu\u00e1ria desde 95, \u00e0 partir de 2000 especializou-se em webdesign e trabalhou para startups e fazendo design para lojas f\u00edsicas, websites, arquitetura da informa\u00e7\u00e3o ou gerenciamento de projetos para lojas virtuais e sites de conte\u00fado. A tecnologia e os computadores sempre presentes.<\/p>\n<\/div><\/section><\/div>\n<style type=\"text\/css\" data-created_by=\"avia_inline_auto\" id=\"style-css-av-av_one_half-93bea18e2ccb60552a17080633244dec\">\n.flex_column.av-av_one_half-93bea18e2ccb60552a17080633244dec{\nborder-radius:0px 0px 0px 0px;\n-webkit-border-radius:0px 0px 0px 0px;\n-moz-border-radius:0px 0px 0px 0px;\n}\n<\/style>\n<div class='flex_column av-av_one_half-93bea18e2ccb60552a17080633244dec av_one_half  avia-builder-el-9  el_after_av_one_half  avia-builder-el-last  flex_column_div  av-animated-generic bottom-to-top av-zero-column-padding '   ><section class=\"av_textblock_section \"  itemscope=\"itemscope\" itemtype=\"https:\/\/schema.org\/CreativeWork\" ><div class='avia_textblock  '  style='font-size:17px; '  itemprop=\"text\" ><p>Em 2008 ingressou na EAV e participou da Exposi\u00e7\u00e3o Comemorativa de 10 anos do N\u00facleo de Arte e Tecnologia no Parque Lage, com um curta-metragem de videografismo. Interessada na<em> imagem em movimento<\/em>, fez posteriormente oficinas de software de video e anima\u00e7\u00e3o (Riofilme\/Senai, Senac).<\/p>\n<p>Em 2009 abriu seu pr\u00f3prio est\u00fadio e segue desenvolvendo projetos contratados de artes gr\u00e1ficas e <em>design<\/em> para exposi\u00e7\u00f5es comemorativas em espa\u00e7os p\u00fablicos, como a instala\u00e7\u00e3o \u201cPir\u00e2mide\u201d, na exposi\u00e7\u00e3o \u201cPerfume Franc\u00eas\u201d no Shopping Leblon, com apoio Dior, uma comemora\u00e7\u00e3o do ano Fran\u00e7a-Brasil e para a exposi\u00e7\u00e3o interativa \u201cRiosul 30 Anos de Moda\u201d.<br \/>\nDesde 2013 frequenta oficinas de gravura na EAV produzindo monotipias e gravuras em metal. Em seu atelier vem desenvolvendo trabalhos sobre papel ou sobre tela com t\u00e9cnica mista, alguns objetos e usando print digital, desenho, pintura e colagens a elementos f\u00edsicos de computador e papel como parte de seu projeto \u201c<a href=\"http:\/\/lumyx.net\/artista\/portfolio-item\/thecloud-by-lumyx\/\">Arqueologia do Futuro<\/a>\u201d.<\/p>\n<\/div><\/section><\/div><\/div><\/div><\/div><!-- close content main div --><\/div><\/div><div id='after_section_1'  class='main_color av_default_container_wrap container_wrap sidebar_right'  ><div class='container av-section-cont-open' ><div class='template-page content  av-content-small alpha units'><div class='post-entry post-entry-type-page post-entry-154'><div class='entry-content-wrapper clearfix'>\n","protected":false},"excerpt":{"rendered":"","protected":false},"author":1,"featured_media":0,"parent":0,"menu_order":0,"comment_status":"open","ping_status":"open","template":"","meta":{"jetpack_post_was_ever_published":false,"footnotes":""},"class_list":["post-154","page","type-page","status-publish","hentry"],"jetpack_sharing_enabled":true,"jetpack_shortlink":"https:\/\/wp.me\/P7jfPJ-2u","jetpack-related-posts":[],"_links":{"self":[{"href":"https:\/\/lumyx.net\/artista\/wp-json\/wp\/v2\/pages\/154","targetHints":{"allow":["GET"]}}],"collection":[{"href":"https:\/\/lumyx.net\/artista\/wp-json\/wp\/v2\/pages"}],"about":[{"href":"https:\/\/lumyx.net\/artista\/wp-json\/wp\/v2\/types\/page"}],"author":[{"embeddable":true,"href":"https:\/\/lumyx.net\/artista\/wp-json\/wp\/v2\/users\/1"}],"replies":[{"embeddable":true,"href":"https:\/\/lumyx.net\/artista\/wp-json\/wp\/v2\/comments?post=154"}],"version-history":[{"count":20,"href":"https:\/\/lumyx.net\/artista\/wp-json\/wp\/v2\/pages\/154\/revisions"}],"predecessor-version":[{"id":468,"href":"https:\/\/lumyx.net\/artista\/wp-json\/wp\/v2\/pages\/154\/revisions\/468"}],"wp:attachment":[{"href":"https:\/\/lumyx.net\/artista\/wp-json\/wp\/v2\/media?parent=154"}],"curies":[{"name":"wp","href":"https:\/\/api.w.org\/{rel}","templated":true}]}}